 266803 prime?
False
Is 51599 a composite number?
False
Is 16743 prime?
False
Is 70877 a prime number?
True
Is 33121 a composite number?
True
Is 2473 a prime number?
True
Is 4049 a composite number?
False
Is 280889 prime?
False
Is 828059 a composite number?
False
Is 143047 composite?
True
Is 2753945 a prime number?
False
Is 213181 prime?
True
Is 458207 a composite number?
False
Is 3359683 composite?
False
Is 329387 prime?
True
Is 625861 a prime number?
True
Is 21993 a prime number?
False
Is 280537 a prime number?
True
Is 21305 prime?
False
Is 1026889 prime?
False
Is 32933 a composite number?
False
Is 10717 a composite number?
True
Is 9569 composite?
True
Is 214413 prime?
False
Is 62743 a prime number?
True
Is 755993 a composite number?
True
Is 10347 composite?
True
Is 127901 prime?
False
Is 3220351 a composite number?
False
Is 5713 prime?
False
Is 6218 a prime number?
False
Is 96043 composite?
False
Is 1099 a prime number?
False
Is 1178951 prime?
False
Is 331 a prime number?
True
Is 5979 a prime number?
False
Is 2827531 a prime number?
False
Is 247301 a prime number?
True
Is 26066 composite?
True
Is 4613 a composite number?
True
Is 302803 prime?
False
Is 225143 composite?
False
Is 586181 prime?
False
Is 37594 prime?
False
Is 272863 a composite number?
False
Is 76546 prime?
False
Is 16999 a composite number?
True
Is 1602563 prime?
False
Is 81611 composite?
False
Is 346039 a prime number?
True
Is 39659 prime?
True
Is 493 composite?
True
Is 11027 composite?
False
Is 4007 a composite number?
False
Is 769 a composite number?
False
Is 5779 a prime number?
True
Is 795017 prime?
False
Is 13273 a composite number?
True
Is 251449 composite?
True
Is 1229951 a composite number?
True
Is 36187 a composite number?
False
Is 2521 composite?
False
Is 194537 prime?
False
Is 103349 a prime number?
True
Is 125909 a composite number?
True
Is 2624201 prime?
False
Is 283177 a prime number?
False
Is 261577 a composite number?
False
Is 20633 a composite number?
True
Is 94621 a prime number?
True
Is 83243 prime?
True
Is 7039 composite?
False
Is 29479 composite?
True
Is 11359 a prime number?
False
Is 1273561 prime?
True
Is 5297 composite?
False
Is 48683 a composite number?
True
Is 22423 prime?
False
Is 2933 a composite number?
True
Is 562505 a composite number?
True
Is 287285 prime?
False
Is 110963 a prime number?
False
Is 344963 a prime number?
True
Is 1801 a composite number?
False
Is 75503 a prime number?
True
Is 141407 a prime number?
False
Is 21553 composite?
True
Is 52737 a prime number?
False
Is 17861 composite?
True
Is 17783 a prime number?
True
Is 107197 a prime number?
True
Is 337453 composite?
False
Is 247177 prime?
False
Is 487 a prime number?
True
Is 2840023 composite?
False
Is 3973 a prime number?
False
Is 58379 a prime number?
True
Is 216011 prime?
False
Is 7531 composite?
True
Is 6746 prime?
False
Is 3746051 a prime number?
True
Is 82421 a composite number?
False
Is 8977 a composite number?
True
Is 9101 composite?
True
Is 1497 a composite number?
True
Is 7331 prime?
True
Is 13798 a composite number?
True
Is 6249101 a prime number?
True
Is 27479 prime?
True
Is 976699 a prime number?
True
Is 34901 a composite number?
True
Is 31531 composite?
False
Is 6487 a composite number?
True
Is 7899 composite?
True
Is 57311 composite?
True
Is 1521269 composite?
False
Is 104417 composite?
False
Is 1977233 a prime number?
True
Is 32902 a prime number?
False
Is 2607271 prime?
True
Is 36251 prime?
True
Is 16013 composite?
True
Is 3445553 a composite number?
True
Is 11401 a composite number?
True
Is 517063 prime?
False
Is 31411 prime?
False
Is 19157 composite?
False
Is 48065 prime?
False
Is 5305 a composite number?
True
Is 123397 a prime number?
True
Is 11846 a prime number?
False
Is 134153 a composite number?
False
Is 2563 prime?
False
Is 508909 a composite number?
False
Is 51797 prime?
True
Is 7661 a composite number?
True
Is 1438253 prime?
True
Is 5897 composite?
False
Is 25507 a composite number?
True
Is 631 prime?
True
Is 3289645 a composite number?
True
Is 1521827 a prime number?
False
Is 1471 composite?
False
Is 11947 composite?
True
Is 248657 a prime number?
True
Is 28151 composite?
False
Is 15117 a prime number?
False
Is 12499 prime?
False
Is 313657 a composite number?
True
Is 184441 a prime number?
True
Is 492878 a composite number?
True
Is 53959 prime?
True
Is 334237 a composite number?
True
Is 871 composite?
True
Is 47249 prime?
False
Is 16409 composite?
True
Is 81813 a composite number?
True
Is 1037 prime?
False
Is 172613 composite?
True
Is 4367 composite?
True
Is 372353 composite?
False
Is 182581 composite?
True
Is 1116541 prime?
True
Is 40969 a composite number?
True
Is 48109 a composite number?
False
Is 6769 composite?
True
Is 3979 a prime number?
False
Is 2881 a composite number?
True
Is 196887 a prime number?
False
Is 50033 a prime number?
True
Is 9257 composite?
False
Is 47577 a composite number?
True
Is 2443 a prime number?
False
Is 7043 prime?
True
Is 1026769 a prime number?
False
Is 3134543 a prime number?
True
Is 1027609 composite?
True
Is 153905 composite?
True
Is 17231 a composite number?
False
Is 28123 prime?
True
Is 94747 composite?
False
Is 48311 composite?
False
Is 51407 prime?
True
Is 16921 a prime number?
True
Is 300389 composite?
True
Is 1208927 prime?
True
Is 66223 composite?
True
Is 23487 a composite number?
True
Is 28257 a composite number?
True
Is 641077 prime?
True
Is 205237 composite?
False
Is 370759 a prime number?
True
Is 991 composite?
False
Is 317451 a composite number?
True
Is 711609 prime?
False
Is 5583 prime?
False
Is 6158 a prime number?
False
Is 2982767 a prime number?
False
Is 3687559 composite?
True
Is 7699 a composite number?
False
Is 9923 composite?
False
Is 26989 a prime number?
False
Is 401543 prime?
False
Is 16253 a prime number?
True
Is 91433 composite?
False
Is 2427053 a prime number?
True
Is 12706 composite?
True
Is 5303 composite?
False
Is 16673 prime?
True
Is 5833 a prime number?
False
Is 236699 a prime number?
True
Is 248351 a composite number?
False
Is 859 composite?
False
Is 2219 a prime number?
False
Is 7069 a composite number?
False
Is 2858 composite?
True
Is 57703 a prime number?
False
Is 210529 composite?
True
Is 87011 prime?
True
Is 84259 composite?
True
Is 33479 composite?
False
Is 521981 a composite number?
False
Is 4903 composite?
False
Is 337397 a prime number?
True
Is 38011 a prime number?
True
Is 4148473 composite?
True
Is 60035 a prime number?
False
Is 21713 prime?
True
Is 4289 a prime number?
True
Is 111373 prime?
True
Is 7741 prime?
True
Is 537271 a composite number?
True
Is 3793 composite?
False
Is 34691 composite?
True
Is 319187 a prime number?
False
Is 427781 a prime number?
True
Is 225389 composite?
True
Is 16787 prime?
True
Is 670987 composite?
False
Is 22769 a composite number?
False
Is 287047 a composite number?
False
Is 13683 composite?
True
Is 5173 prime?
False
Is 148573 a prime number?
True
Is 212479 a composite number?
False
Is 43243 composite?
True
Is 2159 composite?
True
Is 91733 a prime number?
True
Is 1811 composite?
False
Is 48629 a composite number?
True
Is 130937 a prime number?
False
Is 134639 a composite number?
False
Is 84047 prime?
True
Is 354481 composite?
True
Is 16293 prime?
False
Is 12643 prime?
False
Is 540101 composite?
False
Is 427 a prime number?
False
Is 9629 composite?
False
Is 98545 prime?
False
Is 250253 composite?
False
Is 1507 prime?
False
Is 54533 a prime number?
False
Is 55723 a prime number?
False
Is 13045 a prime number?
False
Is 1018717 composite?
True
Is 75291 a prime number?
False
Is 610957 prime?
True
Is 61689 prime?
False
Is 409579 a prime number?
True
Is 16123 composite?
True
Is 42989 a prime number?
True
Is 366469 a prime number?
False
Is 49813 a prime number?
False
Is 13011 a composite number?
True
Is 79313 composite?
True
Is 50689 a prime number?
False
Is 1014677 a composite number?
False
Is 5731 composite?
True
Is 37951 a prime number?
True
Is 4967 a prime number?
True
Is 7849 a composite number?
True
Is 1494263 a prime number?
True
Is 546919 a prime number?
True
Is 51031 prime?
True
Is 4597 composite?
False
Is 2579 composite?
False
Is 4847 prime?
False
Is 144299 prime?
True
Is 49262 a prime number?
False
Is 547251 composite?
True
Is 1217 compos